{"id":949,"date":"2024-11-23T19:04:13","date_gmt":"2024-11-23T22:04:13","guid":{"rendered":"https:\/\/www.agroima.com.ar\/?post_type=product&#038;p=949"},"modified":"2025-06-16T16:05:13","modified_gmt":"2025-06-16T19:05:13","slug":"pala-frontal-genesis-pf500","status":"publish","type":"product","link":"https:\/\/www.agroima.com.ar\/?product=pala-frontal-genesis-pf500","title":{"rendered":"Pala Frontal Genesis PF500"},"content":{"rendered":"<p>La pala frontal de acople r\u00e1pido IMA GENESIS PF500 satisface todas las expectativas en las tareas diarias de cargar, distribuir, apilar, desplazar, almacenar, limpiar, elevar, etc. Gracias a su amplia variedad de accesorios de acople r\u00e1pido ofrecidos, es muy vers\u00e1til para un sinf\u00edn de tareas. Desde su cuchara de \u00bd mt3 de capacidad de carga, el transportador y elevador de rollos, la mand\u00edbula extractora, la plataforma elevable y una gran cantidad de productos y herramientas en constante desarrollo, se acoplan f\u00e1cilmente a la pala frontal de acople r\u00e1pido IMA GENESIS PF500. El chasis esta dise\u00f1ado y construido para soportar el trabajo m\u00e1s arduo y distribuir los esfuerzos de manera correcta. Por esto es totalmente aplicable a tareas agr\u00edcolas como viales. El cabezal porta accesorios est\u00e1 totalmente construido en acero plegado y cuenta con f\u00e1cil acoplamiento y desacoplamiento de todos los opcionales, dando como resultado m\u00ednimo tiempo de intervenci\u00f3n y puesta a punto.<br \/>\nLa pala frontal de acople r\u00e1pido IMA GENESIS PF500 se adapta a todo tipo de tractor gracias a su sobrechasis dise\u00f1ado para cada marca y modelo del mercado. Adem\u00e1s se puede proveer el doble comando hidr\u00e1ulico, si su tractor no cuenta con \u00e9l.<br \/>\nPor otra parte como ya es caracter\u00edstico en nuestros productos, sale del color que Ud. desee, pudiendo optar por adquirirla con el color de su tractor.<\/p>\n","protected":false},"excerpt":{"rendered":"<p>La pala frontal de acople r\u00e1pido IMA GENESIS PF500 satisface todas las expectativas en las tareas diarias de cargar, distribuir, apilar, desplazar, almacenar, limpiar, elevar, etc. Gracias a su amplia variedad de accesorios de acople r\u00e1pido ofrecidos, es muy vers\u00e1til para un sinf\u00edn de tareas. Desde su cuchara de \u00bd mt3 de capacidad de carga, [&hellip;]<\/p>\n","protected":false},"featured_media":950,"comment_status":"open","ping_status":"closed","template":"","meta":[],"product_brand":[],"product_cat":[76],"product_tag":[],"class_list":{"0":"post-949","1":"product","2":"type-product","3":"status-publish","4":"has-post-thumbnail","6":"product_cat-palas","8":"first","9":"outofstock","10":"taxable","11":"shipping-taxable","12":"purchasable","13":"product-type-simple"},"_links":{"self":[{"href":"https:\/\/www.agroima.com.ar\/index.php?rest_route=\/wp\/v2\/product\/949","targetHints":{"allow":["GET"]}}],"collection":[{"href":"https:\/\/www.agroima.com.ar\/index.php?rest_route=\/wp\/v2\/product"}],"about":[{"href":"https:\/\/www.agroima.com.ar\/index.php?rest_route=\/wp\/v2\/types\/product"}],"replies":[{"embeddable":true,"href":"https:\/\/www.agroima.com.ar\/index.php?rest_route=%2Fwp%2Fv2%2Fcomments&post=949"}],"wp:featuredmedia":[{"embeddable":true,"href":"https:\/\/www.agroima.com.ar\/index.php?rest_route=\/wp\/v2\/media\/950"}],"wp:attachment":[{"href":"https:\/\/www.agroima.com.ar\/index.php?rest_route=%2Fwp%2Fv2%2Fmedia&parent=949"}],"wp:term":[{"taxonomy":"product_brand","embeddable":true,"href":"https:\/\/www.agroima.com.ar\/index.php?rest_route=%2Fwp%2Fv2%2Fproduct_brand&post=949"},{"taxonomy":"product_cat","embeddable":true,"href":"https:\/\/www.agroima.com.ar\/index.php?rest_route=%2Fwp%2Fv2%2Fproduct_cat&post=949"},{"taxonomy":"product_tag","embeddable":true,"href":"https:\/\/www.agroima.com.ar\/index.php?rest_route=%2Fwp%2Fv2%2Fproduct_tag&post=949"}],"curies":[{"name":"wp","href":"https:\/\/api.w.org\/{rel}","templated":true}]}}

<p>La pala frontal de acople rápido IMA GENESIS PF500 satisface todas las expectativas en las tareas diarias de cargar, distribuir, apilar, desplazar, almacenar, limpiar, elevar, etc. Gracias a su amplia variedad de accesorios de acople rápido ofrecidos, es muy versátil para un sinfín de tareas. Desde su cuchara de ½ mt3 de capacidad de carga, el transportador y elevador de rollos, la mandíbula extractora, la plataforma elevable y una gran cantidad de productos y herramientas en constante desarrollo, se acoplan fácilmente a la pala frontal de acople rápido IMA GENESIS PF500. El chasis esta diseñado y construido para soportar el trabajo más arduo y distribuir los esfuerzos de manera correcta. Por esto es totalmente aplicable a tareas agrícolas como viales. El cabezal porta accesorios está totalmente construido en acero plegado y cuenta con fácil acoplamiento y desacoplamiento de todos los opcionales, dando como resultado mínimo tiempo de intervención y puesta a punto.<br />
La pala frontal de acople rápido IMA GENESIS PF500 se adapta a todo tipo de tractor gracias a su sobrechasis diseñado para cada marca y modelo del mercado. Además se puede proveer el doble comando hidráulico, si su tractor no cuenta con él.<br />
Por otra parte como ya es característico en nuestros productos, sale del color que Ud. desee, pudiendo optar por adquirirla con el color de su tractor.</p>

<p>La pala frontal de acople rápido IMA GENESIS PF500 satisface todas las expectativas en las tareas diarias de cargar, distribuir, apilar, desplazar, almacenar, limpiar, elevar, etc. Gracias a su amplia variedad de accesorios de acople rápido ofrecidos, es muy versátil para un sinfín de tareas. Desde su cuchara de ½ mt3 de capacidad de carga, [&hellip;]</p>
