{"id":926,"date":"2024-11-22T11:41:32","date_gmt":"2024-11-22T14:41:32","guid":{"rendered":"https:\/\/www.agroima.com.ar\/?post_type=product&#038;p=926"},"modified":"2025-06-16T16:05:14","modified_gmt":"2025-06-16T19:05:14","slug":"plataforma-multiuso-plt1500","status":"publish","type":"product","link":"https:\/\/www.agroima.com.ar\/?product=plataforma-multiuso-plt1500","title":{"rendered":"Plataforma multiuso PLT1500"},"content":{"rendered":"<p align=\"justify\">La plataforma multiuso IMA GENESIS PLT1500 ha sido dise\u00f1ada para cubrir las m\u00e1s variadas necesidades de transporte, elevaci\u00f3n, acarreo, etc. de cajones, tambores, fardos, rollos de alambre y un sin fin de productos y usos que el usuario puede ir descubriendo.<\/p>\n<p align=\"justify\">Por su construcci\u00f3n es un equipo liviano pero reforzado, con una capacidad de carga de 500 Kgs y posibilidad de anexar barandas, es el equipo ideal para facilitar muchas tareas en su campo. De\u00a0f\u00e1cil\u00a0acoplamiento, gracias a sus pernos\u00a0categor\u00eda\u00a01 y 2 es posible utilizarla con cualquier tractor y al no contar con mecanismos no requiere ning\u00fan tipo de mantenimiento.<\/p>\n<p align=\"justify\">Se puede proveer en forma opcional de piso\u00a0antideslizante\u00a0 barandas, techo para transporte de personal con sistema ROPS de protecci\u00f3n antivuelcos y otros accesorios.<\/p>\n","protected":false},"excerpt":{"rendered":"<p>La plataforma multiuso IMA GENESIS PLT1500 ha sido dise\u00f1ada para cubrir las m\u00e1s variadas necesidades de transporte, elevaci\u00f3n, acarreo, etc. de cajones, tambores, fardos, rollos de alambre y un sin fin de productos y usos que el usuario puede ir descubriendo. Por su construcci\u00f3n es un equipo liviano pero reforzado, con una capacidad de carga [&hellip;]<\/p>\n","protected":false},"featured_media":927,"comment_status":"open","ping_status":"closed","template":"","meta":[],"product_brand":[],"product_cat":[67],"product_tag":[],"class_list":{"0":"post-926","1":"product","2":"type-product","3":"status-publish","4":"has-post-thumbnail","6":"product_cat-utilitarios","8":"first","9":"outofstock","10":"taxable","11":"shipping-taxable","12":"product-type-simple"},"_links":{"self":[{"href":"https:\/\/www.agroima.com.ar\/index.php?rest_route=\/wp\/v2\/product\/926","targetHints":{"allow":["GET"]}}],"collection":[{"href":"https:\/\/www.agroima.com.ar\/index.php?rest_route=\/wp\/v2\/product"}],"about":[{"href":"https:\/\/www.agroima.com.ar\/index.php?rest_route=\/wp\/v2\/types\/product"}],"replies":[{"embeddable":true,"href":"https:\/\/www.agroima.com.ar\/index.php?rest_route=%2Fwp%2Fv2%2Fcomments&post=926"}],"wp:featuredmedia":[{"embeddable":true,"href":"https:\/\/www.agroima.com.ar\/index.php?rest_route=\/wp\/v2\/media\/927"}],"wp:attachment":[{"href":"https:\/\/www.agroima.com.ar\/index.php?rest_route=%2Fwp%2Fv2%2Fmedia&parent=926"}],"wp:term":[{"taxonomy":"product_brand","embeddable":true,"href":"https:\/\/www.agroima.com.ar\/index.php?rest_route=%2Fwp%2Fv2%2Fproduct_brand&post=926"},{"taxonomy":"product_cat","embeddable":true,"href":"https:\/\/www.agroima.com.ar\/index.php?rest_route=%2Fwp%2Fv2%2Fproduct_cat&post=926"},{"taxonomy":"product_tag","embeddable":true,"href":"https:\/\/www.agroima.com.ar\/index.php?rest_route=%2Fwp%2Fv2%2Fproduct_tag&post=926"}],"curies":[{"name":"wp","href":"https:\/\/api.w.org\/{rel}","templated":true}]}}