{"id":867,"date":"2024-11-17T15:46:00","date_gmt":"2024-11-17T18:46:00","guid":{"rendered":"https:\/\/www.agroima.com.ar\/?post_type=product&#038;p=867"},"modified":"2025-06-16T16:05:14","modified_gmt":"2025-06-16T19:05:14","slug":"tractor-genesis-it-500","status":"publish","type":"product","link":"https:\/\/www.agroima.com.ar\/?product=tractor-genesis-it-500","title":{"rendered":"Tractor Genesis IT-500"},"content":{"rendered":"<p>Los Tractores de la Serie Genesis IT han sido desarrollados y dise\u00f1ados en base a la reconocida tecnolog\u00eda italiana en chasis y transmisi\u00f3n, un tractor compacto de 50 HP, ideal para peque\u00f1as y medianas explotaciones agr\u00edcolas. Sus motores potenciados cuentan con toda la tecnolog\u00eda inglesa; consumo econ\u00f3mico y gran potencia, permitiendo realizar tareas como el mantenimiento de fincas, huertos y \u00e1reas de jardiner\u00eda.<\/p>\n<p>La transmisi\u00f3n de 8 velocidades hacia adelante y 4 de retroceso proporciona flexibilidad y versatilidad en una gran variedad de aplicaciones agr\u00edcolas. Su amplia gama de cambios har\u00e1 que siempre encuentre la velocidad de trabajo ideal; adem\u00e1s su gran dep\u00f3sito de combustible otorga mayor tiempo de trabajo sin repostar; direcci\u00f3n \u00e1gil y simple operaci\u00f3n.<\/p>\n<p>Cuentan con frenos del tipo h\u00famedo con discos, gran capacidad de frenaje; sat\u00e9lites reductores de mando final; embrague de doble acci\u00f3n; sistema hidr\u00e1ulico de acople r\u00e1pido; toma de fuerza; peso apropiado, gran estabilidad de chasis; adem\u00e1s del sistema de seguridad Rops (opcional).<\/p>\n<p>Adem\u00e1s, est\u00e1 equipado con un sistema hidr\u00e1ulico robusto, permitiendo el uso de implementos ligeros para optimizar su rendimiento. Este tractor est\u00e1 dise\u00f1ado para ofrecer alta fiabilidad en tareas agr\u00edcolas cotidianas, manteniendo el equilibrio perfecto entre potencia y econom\u00eda.<\/p>\n<p>Nuestros tractores se pueden equipar con cabinas cerradas de \u00faltima generaci\u00f3n, con visi\u00f3n total, sin puntos ciegos, o con estaciones abiertas al aire libre y techo protector. Adem\u00e1s, las cabinas cerradas ofrecen aire acondicionado integral, opcionalmente.<\/p>\n<p><strong>Caracter\u00edsticas<\/strong><\/p>\n<p><strong>Motor<\/strong><br \/>\nModelo: YT4A2-22<br \/>\nTipo: Cuatro cilindros, vertical, refrigerado por agua, cuatro tiempos.<br \/>\nDesplazamiento (L): 4.15<br \/>\nPotencia\/velo nominal (Kw)\/(r\/min): 36,8\/2200<br \/>\nMax. par (N.m)\/velo (r\/min): 195\/1650<br \/>\nDi\u00e1metro x Carrera (mm): 105&#215;120<\/p>\n<p><strong>Transmisi\u00f3n<\/strong><br \/>\nMarchas: 8 de avance y 4 de retroceso<br \/>\nGama de velocidad (Km\/h), avance\/retroceso: 2,37~31,06\/3,52~10,74<br \/>\nPotencia de la toma de fuerza (Kw): 32.5<br \/>\nVelocidad de rotaci\u00f3n de la toma de fuerza (rpm): 540\/720 \u00f3 540\/1000<br \/>\nEmbrague: 10 pulgadas, seco, doble acci\u00f3n<\/p>\n<p>Categor\u00eda de enganche de tres puntos: Enganche trasero de tres puntos CAT. I<br \/>\nModo de control de profundidad de labranza: Control combinado de profundidad, control de posici\u00f3n y control flotante<br \/>\nFuerza de elevaci\u00f3n (KN): 8,3<\/p>\n<p><strong>Dimensiones, Pesos, accionamiento<\/strong><br \/>\nTipo de unidad: 4&#215;2<br \/>\nDimensiones generales (LxAnxAl) (mm): 3910x1745x2545<br \/>\nDistancia entre ejes (mm): 2063<br \/>\nMin. despeje al suelo (mm): 400<br \/>\nPeso en orden de marcha (con soporte de seguridad)(Kg): 2130<br \/>\nNeum\u00e1ticos, delanteros\/traseros: 6.00-16\/12.4-28<br \/>\nBanda de rodadura de la rueda, delantera\/trasera: 1350, 1450\/1300, 1400, 1500, 1600<br \/>\nDirecci\u00f3n: Hidr\u00e1ulica<br \/>\nFreno: Disco mec\u00e1nico<\/p>\n<p><strong>Opciones<\/strong><br \/>\nCabina: Construcci\u00f3n de bastidor, forma aerodin\u00e1mica, con ventilador; el sistema de aire acondicionado es opcional.<br \/>\nTransmisi\u00f3n con engranaje tipo lanzadera: 4x2x2<br \/>\nTransmisi\u00f3n con marcha super lenta: 4x(2+1)x2<br \/>\nPanel integral de lujo: a o 2 grupos<br \/>\nSalida hidr\u00e1ulica: Ajuste continuo<\/p>\n","protected":false},"excerpt":{"rendered":"<p style=\"text-align: justify;\">Los Tractores de la Serie Genesis IT han sido desarrolados y dise\u00f1ados en base a la reconocida tecnolog\u00eda italiana en chasis y transmisi\u00f3n, un tractor compacto de 50 HP, ideal para peque\u00f1as y medianas explotaciones agr\u00edcolas. Sus motores potenciados cuentan con toda la tecnolog\u00eda inglesa; consumo econ\u00f3mico y gran potencia, permitiendo realizar tareas como el mantenimiento de fincas, huertos y \u00e1reas de jardiner\u00eda.<\/p>\n","protected":false},"featured_media":994,"comment_status":"open","ping_status":"closed","template":"","meta":[],"product_brand":[],"product_cat":[71],"product_tag":[],"class_list":{"0":"post-867","1":"product","2":"type-product","3":"status-publish","4":"has-post-thumbnail","6":"product_cat-tractores","8":"first","9":"outofstock","10":"taxable","11":"shipping-taxable","12":"purchasable","13":"product-type-simple"},"_links":{"self":[{"href":"https:\/\/www.agroima.com.ar\/index.php?rest_route=\/wp\/v2\/product\/867","targetHints":{"allow":["GET"]}}],"collection":[{"href":"https:\/\/www.agroima.com.ar\/index.php?rest_route=\/wp\/v2\/product"}],"about":[{"href":"https:\/\/www.agroima.com.ar\/index.php?rest_route=\/wp\/v2\/types\/product"}],"replies":[{"embeddable":true,"href":"https:\/\/www.agroima.com.ar\/index.php?rest_route=%2Fwp%2Fv2%2Fcomments&post=867"}],"wp:featuredmedia":[{"embeddable":true,"href":"https:\/\/www.agroima.com.ar\/index.php?rest_route=\/wp\/v2\/media\/994"}],"wp:attachment":[{"href":"https:\/\/www.agroima.com.ar\/index.php?rest_route=%2Fwp%2Fv2%2Fmedia&parent=867"}],"wp:term":[{"taxonomy":"product_brand","embeddable":true,"href":"https:\/\/www.agroima.com.ar\/index.php?rest_route=%2Fwp%2Fv2%2Fproduct_brand&post=867"},{"taxonomy":"product_cat","embeddable":true,"href":"https:\/\/www.agroima.com.ar\/index.php?rest_route=%2Fwp%2Fv2%2Fproduct_cat&post=867"},{"taxonomy":"product_tag","embeddable":true,"href":"https:\/\/www.agroima.com.ar\/index.php?rest_route=%2Fwp%2Fv2%2Fproduct_tag&post=867"}],"curies":[{"name":"wp","href":"https:\/\/api.w.org\/{rel}","templated":true}]}}